divisor of m and 6.
6
Let i be (3/2 - (-55)/10) + 1. Let m be i/(-6)*(-6 + (-63)/(-14)). Suppose -14 = -4*j - 6. What is the highest common divisor of j and m?
2
Suppose -16*p = 3*n - 11*p - 34564, 46056 = 4*n + 3*p. What is the highest common factor of n and 21?
21
Suppose 3*f - 360 = -2*f. Let c be 4*(-18)/(-168) - 408/21. Let u(n) = -8*n - 134. Let p be u(c). What is the greatest common factor of f and p?
18
Let t = 6032 - 5917. Calculate the highest common divisor of 92 and t.
23
Suppose -4*b = 1000 - 4904. Suppose 2*k - 988 = m, 5*k - 4*m - b = 3*k. Calculate the greatest common divisor of k and 16.
16
Suppose b = -5*g + 240, 3*b + 4*g - 676 = -0*b. Let w = b + -200. What is the greatest common divisor of w and 10?
10
Let g(o) = 163*o - 7323. Let i be g(46). Let c(h) = -42*h. Let q be c(2). Let k = q + 119. Calculate the greatest common factor of k and i.
35
Suppose 11*p - v - 81 = 9*p, 36 = p + 4*v. What is the highest common factor of p and 1570?
10
Suppose 2784*g - 2951*g + 9352 = 0. What is the greatest common factor of g and 366?
2
Let d = -108 - -252. Suppose d*y - 150*y = -252. What is the highest common divisor of y and 30?
6
Suppose 0 = -b + 3*f + 65 + 283, 5*b - 1700 = -5*f. What is the greatest common factor of b and 198?
18
Let n = 4788 + -4753. Suppose 12*q - 17*q = -2800. Calculate the greatest common factor of q and n.
35
Suppose -13*y = -12*y - 8. Let w(n) = -y - 54*n + 26*n + 24*n. Let a be w(-5). What is the greatest common divisor of a and 24?
12
Let c = 7 - 3. Suppose 10*g - 377 = 5*g - h, -5*g + 2*h + 386 = 0. Calculate the greatest common divisor of c and g.
4
Suppose -267*s + 87594 = -4254. What is the highest common divisor of 2838 and s?
86
Let o(a) = -15*a - 1172. Let x be o(-82). What is the highest common factor of 4 and x?
2
Suppose -s - 2104 = -u - 3*u, -5*u = -s - 2631. Let j = -521 + u. What is the greatest common divisor of j and 8?
2
Suppose -z = -21*z - 1750 + 30270. Calculate the highest common factor of z and 368.
46
Suppose 23*n = 28*n + 330. Let g = n + 130. Calculate the greatest common divisor of 8 and g.
8
Let p be 2429 + -3 + 5 + (-2)/2. Suppose -3*s = 126 - p. Suppose -3*z - z + s = 0. What is the greatest common divisor of z and 12?
12
Suppose 0 = -531*v + 574*v - 29326. What is the highest common factor of 124 and v?
62
Suppose 3*m + 2*y - 981 = 0, 4*y - 357 = 20*m - 21*m. Calculate the greatest common divisor of 33 and m.
3
Let b be 9/3 - (-2 - (-6)/3). Let m be (-5 + 2)/(-3 + b/2). Suppose 0 = -5*d - 2*q + 55, 3 = 2*d + m*q - 13. What is the highest common factor of d and 78?
13
Suppose b = 5*b - 2*b. Suppose -4*q + 7*q - 21 = b. Let g be (14/(-6))/((-2)/6). Calculate the greatest common divisor of g and q.
7
Suppose -a - 179 = -3*c, 0*a + a - 175 = -3*c. Let q = 80 - c. Suppose x + 339 = 5*d - 184, 0 = x - 2. What is the greatest common factor of q and d?
21
Let x(r) = -3*r**3 + 116*r**2 - 40*r - 10. Let j be x(26). What is the highest common divisor of j and 127?
127
Suppose 0 = 298*t - 294*t + 4*g - 76, 9 = 3*t - 5*g. What is the highest common divisor of t and 3341?
13
Let j(i) = 6752*i**2 + 3. Let y be j(1). What is the greatest common factor of 35 and y?
35
Let w(k) = -3*k**2 - 67*k - 22. Let j be w(-22). Let i be 605 + j*2/14. What is the highest common divisor of i and 55?
55
Suppose -1337 = 15*f - 2597. Calculate the greatest common factor of f and 84.
84
Suppose -2231 - 5049 - 1442 = -14*s. What is the greatest common divisor of 2 and s?
1
Let o be (1 - -1119)/(-5)*3/(-6). Suppose c - 3*c = o. Let l = -55 - c. Calculate the greatest common divisor of 11 and l.
1
Let b(r) = r**2 - 3*r + 44. Let f be b(15). Suppose 6*m + 8*m - f = 0. What is the greatest common divisor of m and 176?
16
Let z = -5787 - -5862. What is the highest common divisor of 5850 and z?
75
Let k = 1599 + 1404. Suppose 1016 = 2*a + 5*p, 5*a + 4*p = -429 + k. Calculate the highest common divisor of 28 and a.
14
Suppose 9*g - 4926 = 1842. Let i = -746 + g. Calculate the highest common divisor of 147 and i.
3
Let k be 14/35*-25 - -62. Calculate the greatest common divisor of k and 1820.
52
Suppose -2*x - 951 + 521 = -5*m, -x = m - 79. What is the greatest common factor of m and 6024?
12
Suppose -z + 3538 = 5*n, z - 710 = -50*n + 49*n. Let s = n + -641. What is the greatest common divisor of 286 and s?
22
Suppose 13*b - 37800 = 15*b - 29*b. What is the highest common divisor of b and 672?
56
Suppose -3*b - 426 = -3*i, 5*i - 11*b + 8*b = 714. What is the highest common factor of 2196 and i?
36
Let a = 1065 + -995. Let w = 49 - -51. Suppose -7*i = -2*i - w. Calculate the highest common factor of a and i.
10
Let j = -9150 - -9380. Let g = 51 - 31. What is the highest common factor of g and j?
10
Let l = -237 + 243. Suppose -3*n + 73 = -5*o, 0 = 5*n + o - 68 - 63. What is the greatest common factor of l and n?
2
Let o be 26 + -37 - (-1 - 585). What is the highest common divisor of 92 and o?
23
Let v = 4364 + -4296. What is the highest common divisor of v and 2924?
68
Let s be 5/(5 + -15)*-12. Suppose 2*c - s*c = -1240. Calculate the highest common factor of c and 10.
10
Suppose 12*z = 13*z + 11. Let t = z + 31. Let j(d) = -38*d + 46. Let x be j(-3). Calculate the greatest common divisor of t and x.
20
Let m(l) = 94 - 2*l - 8*l + 11*l. Let r be m(8). What is the greatest common divisor of r and 255?
51
Let c be 14/(10/(-6 - -5746)). Calculate the greatest common divisor of 328 and c.
164
Let b = 504 - 296. Suppose -6 = -3*n + 3*u - 7*u, -2*n = 2*u - 4. Let q(g) = 13*g. Let v be q(n). What is the highest common divisor of b and v?
26
Suppose 0 = -5*j + 79*o - 76*o + 57, 3*o = j - 21. Calculate the greatest common divisor of 315 and j.
9
Suppose -2*j - 1105 = -19*j. Suppose 7 = -j*w + 66*w. Calculate the greatest common divisor of 567 and w.
7
Let m be (-14)/(-21)*828*(-4 + 19/4). Calculate the highest common factor of m and 552.
138
Suppose -r - 12 = 3*u, 9 = 2*r - r - 4*u. Let h be 3 - (-2 - (-6)/(r/1)). Let x = 20 - h. Calculate the greatest common divisor of x and 143.
13
Suppose -32 = -r - 2*n, -2*r + 74 - 16 = 2*n. Let y be (4/28 - (-1004)/28)/(-2). Let o = y + r. What is the greatest common factor of o and 72?
8
Suppose -573 = 49*q - 7482. What is the greatest common divisor of 4512 and q?
141
Suppose 32*r - 18*r - 70 = 0. Let q be 51 + -6 + 6 - r. What is the greatest common factor of q and 46?
46
Suppose l - 412 = -w, 0 = -l - 4*w + 5*w + 422. Let r be (l/(-4))/((-39)/(-24) + -2). Suppose r = 10*v - 82. What is the highest common factor of v and 12?
12
Let j = -2110 - -2126. What is the greatest common factor of 172 and j?
4
Let h(c) be the first derivative of -c**3/3 - 37*c**2/2 - 65*c - 95. Let s be h(-27). What is the highest common divisor of s and 82?
41
Let o = -114 - -24. Let g = -42 - o. Let v be 7 - 3*2/6. Calculate the greatest common factor of g and v.
6
Suppose 252*r - 7468 = 22038 + 47102. What is the highest common factor of 192 and r?
16
Let x(r) = r**3 + 2*r**2 + 24*r - 87. Let q be x(3). Let l be 6/21 - 5664/(-21). Calculate the highest common factor of l and q.
30
Let u(l) = -24 + 157*l - 49*l - 173. Let f be u(7). What is the highest common factor of 43 and f?
43
Suppose -126 = -2*q - q. Let l(n) = -n**3 - 30*n**2 - 225*n + 20. Let h be l(-18). What is the highest common divisor of h and q?
14
Let v be (-4 + 2)/(4/(-46)). Let c = 66 + -64. Let g be -3*c*11/22 - -72. What is the highest common divisor of g and v?
23
Suppose -9*k + 36*k = -14*k + 902. What is the highest common divisor of k and 2354?
22
Suppose -s + y + 16 = 0, s = 4247*y - 4249*y + 16. What is the highest common divisor of s and 402?
2
Let b = 483 + -479. Suppose b*q - 18 = 2*o, -3*q = -5*o - 0*q - 10. Let n be (-2 - -3) + 1 + 0. What is the greatest common divisor of o and n?
1
Suppose -5*c + 48 = 3*c. Let y(a) = a. Let g(w) = w + 25. Let t(s) = c*y(s) - g(s). Let b be t(11). Calculate the greatest common factor of b and 40.
10
Let g(q) = q + 5. Let u be g(6). Suppose -u*s + 8 = -9*s. Let d be (-11)/s*-4*1. What is the highest common factor of d and 99?
11
Let o(s) = 2*s**3 - 7*s**2 + 13*s - 5. Suppose 16 = 4*c + 5*q, -3*c - 16 = 5*q - 28. Let x be o(c). Calculate the greatest common divisor of 49 and x.
7
Let p be ((-26)/6)/